8963595?
5, 11, 37, 289417
What are the prime factors of 574439881?
23, 43, 181, 3209
List the prime factors of 162132447.
3, 54044149
List the prime factors of 416901589.
13, 32069353
What are the prime factors of 68082680?
2, 5, 193, 8819
What are the prime factors of 168980091?
3, 7, 19, 423509
What are the prime factors of 172644535?
5, 7, 401, 12301
What are the prime factors of 104827311?
3, 71, 149, 367
What are the prime factors of 89875684?
2, 22468921
What are the prime factors of 6661665656?
2, 83, 691, 14519
What are the prime factors of 1154141368?
2, 103, 691, 2027
List the prime factors of 2813099786.
2, 7, 17, 2137, 5531
What are the prime factors of 163079632?
2, 41, 248597
What are the prime factors of 37718744?
2, 7, 673549
What are the prime factors of 3087389357?
13, 109, 163, 13367
List the prime factors of 3665456011.
7, 71, 89, 173, 479
What are the prime factors of 735915065?
5, 147183013
List the prime factors of 2365040437.
31, 67, 1138681
List the prime factors of 101882771.
29, 31, 113329
List the prime factors of 436882433.
13, 59, 569599
What are the prime factors of 417573860?
2, 5, 11, 37, 43, 1193
What are the prime factors of 799269824?
2, 17, 61, 12043
What are the prime factors of 236023239?
3, 78674413
List the prime factors of 66998261.
11, 6090751
What are the prime factors of 890538035?
5, 23, 59, 131251
What are the prime factors of 1222459808?
2, 38201869
What are the prime factors of 47133757?
11, 4284887
What are the prime factors of 2263619652?
2, 3, 7, 317, 85009
List the prime factors of 304985017.
19, 16051843
What are the prime factors of 3474857204?
2, 7, 13, 23, 47, 8831
What are the prime factors of 17097656?
2, 41, 52127
What are the prime factors of 830624537?
349, 2380013
What are the prime factors of 4931473?
4931473
What are the prime factors of 4458931957?
313, 14245789
List the prime factors of 127619638.
2, 83, 768793
What are the prime factors of 88907699?
7877, 11287
List the prime factors of 4903189058.
2, 19, 5521, 23371
List the prime factors of 208313431.
4391, 47441
What are the prime factors of 85893734?
2, 59, 61, 11933
List the prime factors of 300720616.
2, 7, 17, 315883
What are the prime factors of 43919496?
2, 3, 67777
What are the prime factors of 6125140763?
7, 4337, 201757
List the prime factors of 94080993.
3, 31360331
What are the prime factors of 56030491?
11, 5093681
What are the prime factors of 27080810?
2, 5, 73, 37097
What are the prime factors of 20670485?
5, 11, 263, 1429
What are the prime factors of 38069303?
331, 115013
What are the prime factors of 151957679?
17, 71, 125897
List the prime factors of 4410333647.
17, 2963, 87557
List the prime factors of 3618937637.
7, 29, 17827279
What are the prime factors of 31969664?
2, 249763
List the prime factors of 445849870.
2, 5, 1409, 31643
List the prime factors of 34313162.
2, 13, 1319737
What are the prime factors of 90119410?
2, 5, 563, 16007
What are the prime factors of 4415554485?
3, 5, 32707811
What are the prime factors of 71979971?
7, 73, 20123
List the prime factors of 123681457.
5347, 23131
List the prime factors of 3682606017.
3, 1227535339
List the prime factors of 116918981.
29, 241, 16729
List the prime factors of 5313533794.
2, 2656766897
List the prime factors of 1539297119.
29, 61, 870151
List the prime factors of 438775156.
2, 37, 2964697
What are the prime factors of 703091117?
17, 23, 1798187
List the prime factors of 64852465.
5, 31, 71, 83
List the prime factors of 2335584282.
2, 3, 79, 229, 21517
What are the prime factors of 225486266?
2, 17, 83, 79903
What are the prime factors of 2913513673?
7, 11443, 36373
List the prime factors of 158551184.
2, 11, 139, 6481
What are the prime factors of 123787421?
17, 239, 30467
List the prime factors of 8485404454.
2, 49477, 85751
What are the prime factors of 933233?
7, 133319
List the prime factors of 50502544.
2, 3156409
What are the prime factors of 262235454?
2, 3, 13, 19, 67, 139
What are the prime factors of 115824123?
3, 12869347
What are the prime factors of 434052511?
19, 22844869
What are the prime factors of 4884881611?
23, 212386157
What are the prime factors of 542906769?
3, 97, 1865659
What are the prime factors of 151427978?
2, 13, 163, 35731
What are the prime factors of 213502313?
113, 1889401
What are the prime factors of 3109432579?
11, 41, 6894529
List the prime factors of 18920557.
29, 41, 15913
What are the prime factors of 11101429?
11101429
What are the prime factors of 1419820218?
2, 3, 26292967
What are the prime factors of 5255787831?
3, 7, 47, 5325013
List the prime factors of 198042839.
198042839
List the prime factors of 64074495.
3, 5, 557, 7669
List the prime factors of 696338792.
2, 83, 1048703
List the prime factors of 959284269.
3, 35529047
List the prime factors of 68569566.
2, 3, 13, 879097
What are the prime factors of 1099905714?
2, 3, 53, 1152941
What are the prime factors of 22294532?
2, 13, 428741
What are the prime factors of 2269155863?
13, 127, 1374413
What are the prime factors of 262719068?
2, 97, 677111
List the prime factors of 8549077.
23, 371699
What are the prime factors of 1438158197?
7, 17, 269, 44927
List the prime factors of 44609671.
44609671
What are the prime factors of 1966941549?
3, 24283229
List the prime factors of 437282285.
5, 11, 7950587
What are the prime factors of 39277246?
2, 2237, 8779
What are the prime factors of 42268887?
3, 509, 9227
What are the prime factors of 1351559319?
3, 11, 19, 2155597
List the prime factors of 50925593.
50925593
List the prime factors of 30838171.
7, 13, 109, 3109
What are the prime factors of 78805959?
3, 233, 112741
List the prime factors of 328496173.
53, 271, 22871
List the prime factors of 699585157.
137, 443, 11527
List the prime factors of 2134423818.
2, 3, 39526367
List the prime factors of 149984794.
2, 23, 3260539
List the prime factors of 92363839.
17, 5433167
List the prime factors of 542351005.
5, 7, 157, 229, 431
List the prime factors of 54926227.
59, 281, 3313
What are the prime factors of 18733203?
3, 2081467
List the prime factors of 1513286664.
2, 3, 5813, 10847
List the prime factors of 3279748007.
463, 7083689
What are the prime factors of 40058687?
409, 97943
List the prime factors of 41358031.
11, 13, 29, 9973
What are the prime factors of 20707654?
2, 11, 797, 1181
List the prime factors of 2115181024.
2, 11, 6009037
What are the prime factors of 12523031?
557, 22483
List the prime factors of 40791962.
2, 73, 279397
List the prime factors of 1559665733.
29, 71, 757487
What are the prime factors of 237094517?
11, 29, 193, 3851
What are the prime factors of 2140651875?
3, 5, 311, 3671
List the prime factors of 2842771817.
2111, 1346647
What are the prime factors of 396266173?
18413, 21521
What are the prime factors of 1067321443?
1067321443
List the prime factors of 134921478.
2, 3, 22486913
List the prime factors of 173114769.
3, 5531, 10433
What are the prime factors of 293930213?
8081, 36373
What are the prime factors of 184848825?
3, 5, 7, 179, 281
What are the prime factors of 881322008?
2, 7, 1579, 9967
List the prime factors of 62016561.
3, 17, 397, 1021
List the prime factors of 10421309.
37, 71, 3967
List the prime factors of 54015967.
37, 1459891
What are the prime factors of 2132005876?
2, 7, 11, 13, 29, 43, 61
List the prime factors of 105324059.
107, 984337
What are the prime factors of 448293482?
2, 7, 13, 2463151
List the prime factors of 359585130.
2, 3, 5, 11986171
What are the prime factors of 38901237?
3, 59, 271, 811
List the prime factors of 104957067.
3, 193, 181273
List the prime factors of 974105324.
2, 243526331
List the prime factors of 46379282.
2, 41, 109, 5189
What are the prime factors of 3098998140?
2, 3, 5, 7, 150583
What are the prime factors of 34381553?
43, 97, 8243
List the prime factors of 1171009466.
2, 11, 53227703
List the prime factors of 1138105300.
2, 5, 89, 127877
What are the prime factors of 2538982442?
2, 1269491221
List the prime factors of 149008082.
2, 74504041
What are the prime factors of 131573000?
2, 5, 13, 29, 349
What are the prime factors of 7423103?
7423103
What are the prime factors of 147785877?
3, 211, 8647
List the prime factors of 2541599422.
2, 1553, 818287